 + 7*z**2 + 3*z**2 - 6. Let d be m(-10). Calculate the greatest common divisor of d and 32.
16
Suppose -257*o + 240*o = -1870. Let n(f) = -f + 3. Let r be n(-7). Calculate the greatest common divisor of o and r.
10
Suppose 5*w + 3*g = 807 + 5211, 6 = g. Calculate the greatest common divisor of 6 and w.
6
Suppose 26*s - 12097 - 4970 = 2693. What is the greatest common factor of 1080 and s?
40
Let m(y) = 3*y**2 - 120*y - 110. Let c be m(41). Calculate the highest common divisor of c and 6370.
13
Let t(q) = 176*q + 340. Let f be t(4). Suppose -k + 1422 = f. Calculate the greatest common divisor of 18 and k.
18
Suppose -12 = -11*y + 1539. Suppose -2*f - 4*u + y = u, 5*u = 25. What is the highest common factor of f and 232?
58
Suppose 10*n - 91 = -3*n. Let z be (n + (-13)/2)*174. What is the highest common factor of 3 and z?
3
Let h(q) = q**3 - 20*q**2 - 71*q + 610. Let n be h(22). Calculate the highest common factor of n and 676.
4
Let l be (-4 + -6)/(20/(-45))*3*4. Let a = 26 + 4. What is the greatest common factor of l and a?
30
Suppose 0*o = -7*o - 84. Let f be (o - 0)*(-765)/204. Calculate the highest common factor of f and 585.
45
Let x(m) = -26*m + 3127. Let l be x(108). Calculate the greatest common divisor of l and 385.
11
Suppose 0 = 9*k - 29*k + 3259 + 1921. What is the highest common divisor of 481 and k?
37
Let y = 44292 + -43130. Calculate the greatest common divisor of y and 168.
14
Let p be -2*(4 - (-2 - (-166)/4)). Let o = -25 + p. What is the greatest common divisor of 414 and o?
46
Let q be (407/66 - -9) + (-2)/12. Let d be (-21)/q - -1 - (-102)/30. What is the highest common factor of 9 and d?
3
Suppose 4*c - c = 5*z + 15, 20 = 4*c + 2*z. Suppose i - 1 + c = 4*m, 3 = m. Let h be 123*1 - (i - 11). Calculate the greatest common factor of h and 18.
18
Suppose 3*p - 65 + 17 = 0. Let k be (4/p)/1 - (-47)/4. Calculate the greatest common divisor of k and 192.
12
Suppose 0 = 303*z + 474644 - 2240528. Calculate the highest common divisor of z and 248.
124
Let n be (-7 - -7)/(-6 - (-6 - -3)). Let q be ((-8)/24)/(1/9). Let y be ((n - 3)/9)/(q/54). Calculate the greatest common factor of 15 and y.
3
Suppose h - 3*u - 7 = 0, -5*h + 4*u + 22 = -24. Suppose h*l - 634 = 356. What is the greatest common factor of l and 132?
33
Let u(v) = 8*v - 21. Let g be u(8). Suppose 0 = -6*w + 557 + g. Calculate the highest common factor of w and 60.
20
Suppose -5*b = -3*v + 8*v + 65, b - 32 = 4*v. Let j(x) = x**3 + 10*x**2 - 3*x + 11. Let m be j(v). Calculate the greatest common divisor of 17 and m.
17
Let i = -1022 - -702. Let u = 350 + i. What is the greatest common divisor of 375 and u?
15
Let c be 27*(1 + -3) + 0. Let w = 529 + -578. Let o = w - c. What is the highest common divisor of o and 2?
1
Let q be (21/(-6))/((-2)/4). Suppose 34*s - 29*s - 3*n - 324 = 0, -2*s - 4*n = -114. What is the greatest common factor of q and s?
7
Let r = 4611 - 3491. What is the greatest common factor of r and 42?
14
Let r(i) be the second derivative of 0 + 4*i + 1/6*i**3 + 13*i**2. Let m be r(-10). What is the highest common factor of 48 and m?
16
Let r = -232 + 376. Let g = 7753 + -7721. What is the highest common divisor of r and g?
16
Suppose 3*l = 130 + 38. Let n = 52606 - 52578. What is the greatest common divisor of n and l?
28
Suppose 0 = 3*x - r - 2101, -x - 1404 = -3*x + 4*r. Suppose 2*u + 4*y = 2*y + x, 5*u - 2*y - 1778 = 0. Calculate the highest common factor of 6 and u.
6
Let v = 73 - 117. Let m = v - -71. Let q = m - 20. What is the highest common divisor of q and 49?
7
Let l(o) = o**2 + 35*o + 445. Let r be l(-36). What is the highest common factor of 259 and r?
37
Let c be (-5)/(-20) - (-254)/8. Let s be (c/24)/(2 + (-120)/63). Let p = -10 + s. What is the highest common factor of 28 and p?
4
Let h = -229 - -230. Let k be h/1 + (-5 - (-5 + -3)). Calculate the greatest common divisor of 16 and k.
4
Suppose 0 = 8*j - 13261 + 13213. What is the highest common divisor of j and 3630?
6
Let x be 1*0/(2 + 0). Suppose 0 = 4*i + 2*c - 190, -153*i + 154*i + 5*c - 43 = 0. Suppose x = -2*s + i + 26. Calculate the highest common factor of 37 and s.
37
Let r(w) = -w**3 - 23*w**2 - 51*w - 73. Let s be r(-21). Calculate the greatest common divisor of 4988 and s.
116
Let z = 35 + -33. Suppose s + z = m, 4 - 39 = 4*s + 5*m. Let l be 1/(-2)*(-1 + s) - -1. Calculate the greatest common factor of 2 and l.
2
Let x = 1520 - 1021. Suppose -5*t - k = -x - 1823, 4*t - 1858 = -k. What is the highest common factor of t and 16?
16
Suppose -16*c = -3*c + 39. Let j be 5342/(-54)*c + 30/135. Calculate the highest common divisor of j and 11.
11
Suppose -2*o - b + 1876 = 0, -8*b + 3776 = -2*o + 6*o. Calculate the greatest common factor of 2736 and o.
72
Suppose -772739 = -195*o + 2809411. Calculate the greatest common factor of 22 and o.
22
Let t(j) = 3*j**2 - 167*j + 660. Let p be t(54). Calculate the greatest common factor of p and 30.
30
Let o(k) = -5*k**3 + 8*k**2 - 325. Let q(b) = -b**3 + b**2 - 65. Let v(r) = 2*o(r) - 11*q(r). Let h be v(-6). What is the greatest common divisor of h and 1421?
29
Suppose -73*z = 25*z + 182*z - 31360. Calculate the greatest common factor of z and 5012.
28
Let h = -15 - -20. Suppose -h*d - 33 = -2*k + 98, -2*k - d = -101. Suppose 0 = j - k + 14. What is the highest common factor of 26 and j?
13
Suppose 44 = 3*m - 2*f, -373 + 337 = -2*m + 3*f. What is the highest common divisor of m and 566?
2
Suppose -108 = 4*r + 8. Let p = r - -39. Let y = -60 + 100. Calculate the highest common divisor of y and p.
10
Let g be (11/5 - 1)*5. Let t = 774 + -773. Let o be (t/(-3) + 518/42)/2. What is the highest common divisor of g and o?
6
Suppose 3*o - 2*b = -3 + 14, 3*o + 3*b = 6. Suppose -39 = -o*n + 51. Let a(x) = -26*x + 300. Let d be a(10). What is the greatest common factor of d and n?
10
Suppose 2*a - 6181 = -a - z, 0 = z - 7. Calculate the highest common divisor of a and 112.
14
Suppose -2*c - l + 2 = 0, 3 = -c - 0*c - l. Suppose 0 = -2*u + 4*v - v + 29, 5*u + 3*v - 41 = 0. What is the highest common divisor of u and c?
5
Suppose -3*m + 4*a = -1773, 234*a - 237*a = -5*m + 2966. Calculate the highest common divisor of m and 140.
35
Suppose -490*h + 499*h - 1075 = -211. Suppose 1 = -t + 7. What is the highest common factor of t and h?
6
Let n be (-36)/2*(-14)/4. Let d = 85702 + -85666. What is the highest common factor of d and n?
9
Let a = 24964 - 24746. What is the highest common factor of 5777 and a?
109
Let j(s) = 5*s**2 + 136*s + 264. Let p be j(-26). Calculate the greatest common divisor of 774 and p.
18
Suppose -p - 24 = -4*p. Suppose 10*a = 11*a + 271. Let r = a + 455. What is the highest common divisor of r and p?
8
Let r = -61 - -66. Suppose r*o + 0 - 104 = -3*v, 67 = 2*v + o. What is the greatest common divisor of 264 and v?
33
Let h be -102 + 109 + -2 + (-1166)/(-2). What is the highest common factor of 672 and h?
84
Suppose 0 = 145*z + 4*z + 5149 - 17367. What is the greatest common divisor of z and 8938?
82
Let y(h) = -h**3 - 3*h**2 - 3*h - 2. Let c be y(-3). Suppose -255 = -c*x - 3. Let l = -12 + x. Calculate the highest common divisor of l and 16.
8
Let g = 4215 + -4163. Calculate the highest common divisor of 1469 and g.
13
Let c(q) = 8462*q**2 + 39*q + 40. Let i be c(-1). Calculate the greatest common divisor of 117 and i.
39
Let t(k) = -40 + 13*k**3 - 15*k**3 - 22*k - 15*k**2 + 7. Let r be t(-9). What is the highest common factor of 51 and r?
51
Suppose 264 = 4*h + v, 132*h + 4*v = 133*h - 66. What is the highest common divisor of h and 880?
22
Suppose 6*d - 4182 + 3176 - 8336 = 0. Calculate the greatest common factor of 346 and d.
173
Suppose -22*q + 1324 - 1192 = 0. Calculate the highest common divisor of q and 66.
6
Let r(x) = -8*x - 4. Let d be r(-4). Suppose d + 44 = 9*c. What is the greatest common factor of c and 1?
1
Suppose 28 + 30 = -2*z. Let q = z + 34. Suppose 95 = o - q*m - 0*m, 0 = 4*o + m - 317. Calculate the highest common divisor of o and 10.
10
Let o = 24 + -14. Let t = o + -8. Let p = -333 - -355. Calculate the highest common divisor of t and p.
2
Suppose -5*u = -13*m + 11*m - 3670, 4*m + 2924 = 4*u. What is the greatest common divisor of u and 4?
4
Let s(o) = 89*o - 1330. Let y be s(23). What is the highest common facto